t a = 4 + u. List the prime factors of 215/a + (-6)/4.
2, 5
Suppose 38*d - 28994 = 19*d. List the prime factors of d.
2, 7, 109
Suppose -56*b + 45994 = -88966. What are the prime factors of b?
2, 5, 241
Suppose 2*k + 53 = 3*u, -4 = -3*k + 7*k. Suppose -u = -2*f + 13. Suppose a - 3*a - b + f = 0, 3*a + 3*b = 18. What are the prime factors of a?
3
Let y = -28 + 53. Let b = y + -21. Suppose b*c + 17 = 237. What are the prime factors of c?
5, 11
Let u(d) be the third derivative of d**6/120 + d**5/60 + d**3/3 - d**2 + 27. Let a = 1 - 1. List the prime factors of u(a).
2
Suppose -3*w - j + 5020 = 0, -3*j + 4*j = -4*w + 6693. What are the prime factors of w?
7, 239
Let w be (5/(-10))/((-2)/(-372)). Let z = w - -216. Let d = z - 71. What are the prime factors of d?
2, 13
What are the prime factors of 19*9 + (-85)/(-17)?
2, 11
Let y(n) = 5*n - 21. Let t be y(5). Suppose -t*j + 6*j = 122. List the prime factors of j.
61
Suppose 800*t - 32775 = 785*t. List the prime factors of t.
5, 19, 23
Let w be (0 + -3 - -1)/(1/(-2)). What are the prime factors of (-418)/(-4) + (-6)/w?
103
Let r = 5 + 3. Let d be (-16)/(2/(-2))*r. Let c = -90 + d. What are the prime factors of c?
2, 19
Let z be (0/(-2))/(12 - 13). Suppose u + u - 104 = z. What are the prime factors of u?
2, 13
Suppose 39 + 21 = 4*a. Let k = a + -19. What are the prime factors of (k/(-10))/((-1)/(-45))?
2, 3
Let l(c) be the first derivative of -c**3/3 + 5*c**2 - 15*c + 11. List the prime factors of l(6).
3
Let z(b) = b**2 - 14*b + 28. Let h be z(12). Suppose -5*t = h*a - 195, 41 + 84 = 2*a - 3*t. List the prime factors of a.
5, 11
What are the prime factors of (-3249)/(-4) + (20/2)/(-40)?
2, 7, 29
Let j(d) = -111*d - 43. List the prime factors of j(-7).
2, 367
Let x(b) = 323*b**2 - 2*b - 6. List the prime factors of x(2).
2, 641
Let l = 639 - 540. List the prime factors of l.
3, 11
Let s = 872 - 391. List the prime factors of s.
13, 37
Let r(j) = 18*j - 36. Let a = -35 - -45. List the prime factors of r(a).
2, 3
Let b be -4 - (-1 - (4 - 183)). Let q = -119 - b. What are the prime factors of q?
3, 7
Suppose r = 2*r + 2*c + 3, -2*r + 5*c = 6. List the prime factors of ((-135)/r)/3 - -4.
19
Let y be ((-1)/2)/(19/(-988)) - 1. Suppose -24*o - 67 = -y*o. What are the prime factors of o?
67
Let n(g) = 2*g**2 - 81*g - 205. List the prime factors of n(-31).
2, 7, 151
Suppose 15 = 2*f + j, -10 = -3*f + 4*j + 40. Let d = f - 7. Suppose 0 = d*r - 0*x - 5*x - 92, 4*x = 5*r - 136. What are the prime factors of r?
2, 3
Let g(x) = -4*x**2 + 6*x - 18. Let v(o) = -5*o**2 + 7*o - 18. Let a(p) = -4*g(p) + 3*v(p). List the prime factors of a(8).
2, 29
Let r be 1 - (-3)/((-15)/(-10)). Suppose r*n - 562 = 332. List the prime factors of n.
2, 149
Suppose -4*w - 16 = -2*d, 2*d + 6 = -w + 3*d. What are the prime factors of (-2)/2 + 2 - 38/w?
2, 5
Suppose 20 = -3*c + 11. Let h be -1*(c - (3 + 0)). Suppose 15 = -3*f + h*f. List the prime factors of f.
5
What are the prime factors of ((-40481)/(-3))/(1183/507)?
5783
What are the prime factors of (348/9)/((-3)/(-18)) - -3?
5, 47
Let c = 1960 - 1800. What are the prime factors of c?
2, 5
Let i be (3/1)/(5 - 6). What are the prime factors of (-82)/i*(-12)/(-8)?
41
Let c(o) = 14*o**2 - 1 + 2*o + o - 1 + 21*o**2. What are the prime factors of c(1)?
2, 3
What are the prime factors of (682/(-93))/((-4)/126)?
3, 7, 11
Let f(h) = 30*h + 3 - 4*h + 7*h. Let x be f(-2). What are the prime factors of 14/x + 20/9?
2
Suppose -11 + 61 = 5*x. Let k be 48/36 - x/(-6). Suppose 2*t + k*o + 2*o = 47, -2*o + 32 = 2*t. What are the prime factors of t?
11
Let u = -1309 - -1845. List the prime factors of u.
2, 67
What are the prime factors of 8/56 - (-23346)/42?
2, 139
Let u(p) = 3*p + 36. Let f be u(-5). Let d(v) = v**3 - 22*v**2 + 26*v - 26. What are the prime factors of d(f)?
79
Suppose -x - 3 + 1 = 0. Let y be (-176)/20*(-75)/x. List the prime factors of (-2)/8 - y/8.
41
Suppose 3*a + 4*z = 2690, -5*a = -2*z + 437 - 4877. List the prime factors of a.
2, 5, 89
Suppose -65 = -5*m + 4*m. What are the prime factors of (m + -22)*(1 + 0)?
43
Let o(r) = -r - 4. Let x = 19 - 23. Let s be o(x). Suppose s = -5*a + 13 + 7. List the prime factors of a.
2
Let v(z) = 610*z**2 - 13*z - 14. List the prime factors of v(-1).
3, 7, 29
Suppose -327*t = -275*t - 81900. What are the prime factors of t?
3, 5, 7
Let h(w) = 2*w**2 - 6*w + 22. Let p be h(8). Let u = 285 - p. What are the prime factors of u?
3, 61
Let w(h) = -2*h - 2. Let y be w(3). Let o(f) = f**2 + 6*f - 10. Let m be o(y). Let x = 22 + m. List the prime factors of x.
2, 7
Let s = -2 - -81. Suppose -t - 265 = -4*g, g - s = -0*t - 4*t. List the prime factors of g.
67
Let x be -8 + 7 + (-4 - 1). Let t be 40/x + 3/(-9). Let l = -4 - t. What are the prime factors of l?
3
Suppose 2*u - 6*u = 0. Suppose -4*y + 12*y - 272 = u. List the prime factors of y.
2, 17
Suppose x = -2*x. Suppose -3*j + 7*a - 4*a + 144 = x, 3*a = -j + 40. What are the prime factors of j?
2, 23
Let i be 24*1/((-4)/(-7)). Let n(s) = 53*s - 2 - 1 - i*s. What are the prime factors of n(2)?
19
Suppose w - 2*w - 7 = -4*u, -4*w - 9 = 3*u. What are the prime factors of 56*u + (-24)/(-6)?
2, 3, 5
List the prime factors of (-8059)/(-8) + 27/(-72).
19, 53
Suppose -2*t - 2*y - 2*y + 930 = 0, -4*t + 4*y = -1800. What are the prime factors of t?
5, 7, 13
Let z = -43 - -63. What are the prime factors of -1 + 278 - (-18 + z)?
5, 11
Let o = 476 - 69. What are the prime factors of o?
11, 37
Let r be (6 + -2)/4*0. Suppose r*l + 9 = l. Suppose -4*k + l*k = 55. List the prime factors of k.
11
Suppose 0 = -3*s - 4 + 1. What are the prime factors of s/(1/(-56)) + 0 + -1?
5, 11
Let g be -3 + ((-12)/3 - -8). Let p = 23 + g. Suppose 2*x = -p + 96. List the prime factors of x.
2, 3
Suppose 145 = -125*r + 126*r. Let i = r - 44. List the prime factors of i.
101
Suppose 3*g + a = 592, 9*g - 980 = 4*g - 5*a. List the prime factors of g.
2, 3, 11
Let z be 2 - (2/(-6))/((-3)/(-18)). Suppose 2*c + z*y - 48 = 12, -4*c + y + 129 = 0. List the prime factors of c.
2
Let b be (-1)/(-4) - 21/4. Let l = b + 16. Let d(h) = -h**2 + 13*h - 1. List the prime factors of d(l).
3, 7
Let o(s) = -s + 4. Let c be o(0). Suppose 3*m = -6*b + 2*b + 19, -c*m + 19 = -b. Suppose 5*n - 165 = 2*l - m*l, 3*n - 99 = 5*l. List the prime factors of n.
3, 11
Let p(s) = 253*s**3 + 4*s**2 - 2*s - 1. List the prime factors of p(1).
2, 127
Suppose -30 = 2*z + 2*y, 3*y - 26 = 4*z + 6. Let n(h) = 6*h + 16 - 12*h + 0 - 6*h - h**2. List the prime factors of n(z).
3
Let d be 56/14 - (1 + 1). List the prime factors of (d + -8)/((-8)/68).
3, 17
Suppose -2*u = 2*w - 116, -97 - 77 = -3*u + w. Suppose -2*b + u = 2*l, b + 0*b = -3*l + 93. List the prime factors of l.
2
Let v = -98 - -471. List the prime factors of v.
373
Suppose -t + 3*g = -11, -2*g = 2*t + g + 5. Suppose -5*h = t*d - 46 - 149, 202 = 2*d - 2*h. What are the prime factors of d?
2, 5
Let d be ((-28)/8)/7*-16. Let h = d - 2. Suppose 2*f + 64 = h*f. What are the prime factors of f?
2
Suppose 1001 + 1624 = 7*z. What are the prime factors of z?
3, 5
Suppose -4*r = -2*r - 4. Suppose -121 = -r*w - 5. What are the prime factors of w?
2, 29
Suppose 3*z - 4*j = 87 + 42, -3*j - 132 = -3*z. Let h = 32 + z. List the prime factors of h.
79
What are the prime factors of -3 - 10*(771/(-6))/1?
2, 641
Let u(g) = -g**2 + g. Let q(y) = -y**2 + 14*y + 1. Let o be (2/(-8))/(2/(-8)). Let p(x) = o*q(x) - 2*u(x). List the prime factors of p(-16).
5, 13
Let x(f) = 17*f**2 - 2*f + 2. Let m = -5 - -8. Let i be m/(-2) - 75/(-30). List the prime factors of x(i).
17
Let q(j) = -j**2 - 38*j + 10. List the prime factors of q(-19).
7, 53
Let x be ((-3)/(-3))/1 - -1. Let o be 1*x*(-749)/14. Let g = o + 153. What are the prime factors of g?
2, 23
Suppose 3*p + 1233 = l, 0*p + 1228 = l - 4*p. List the prime factors of l.
2, 3, 13
Let i(j) = -3*j**3 - 7*j**2 + 5*j + 6. Let s(k) = -4*k**3 - 6*k**2 + 6*k + 7. Let f(p) = -3*i(p) + 2*s(p). List the prime factors of f(-9).
23
Let c(s) = 8*s - 6. Let z(x) = -15*x + 11. Let b(t) = 11*c(t) + 6*z(t). Let m be b(-3). List the prime factors of 72/m - (-2)/(-1).
2, 5
Suppose -58899 - 39331 = -47*r. What are the prime factors of r?
2, 5, 11, 19
Let h(m) = m**2 + 2*m + 1. Suppose 3*r = -0*r - 15, -26